me factors of 4424/10 - (-18)/30*1.
443
Suppose 23*f - 3*f = 15340. What are the prime factors of f?
13, 59
What are the prime factors of -1 - 9/(-7) - 153980/(-70)?
2, 5, 11
Let o(b) = b**3 + 17*b**2 - 3*b - 14. List the prime factors of o(-10).
2, 179
Let h be 0/(-1) + (-4)/(-1). Suppose k = 3*r - 120, 4*r + h*k - 160 = 3*k. List the prime factors of r.
2, 5
Suppose 0 = 2*d - 25 - 5. Let s be (-5)/(d/(-12))*1. Suppose -b - 5*k - 6 = 0, -3*b + 72 = -s*k + 14. What are the prime factors of b?
2, 7
Suppose 32 = -24*n + 28*n. List the prime factors of (((-12)/n)/3)/((-2)/1052).
263
Let f(g) = 3*g - 37. Let n(v) = -4*v + 55. Let w(c) = -7*f(c) - 5*n(c). Let x be w(-7). Let u(k) = -k**2 - 9*k + 3. What are the prime factors of u(x)?
3
Let k(x) be the third derivative of x**5/30 + x**4/6 + 10*x**3/3 + 31*x**2. What are the prime factors of k(-5)?
2, 5
Suppose -2*y = 3*l - 4*y - 8635, -4*y = 2*l - 5762. List the prime factors of l.
2879
Let h(r) = -r**2 - r + 4. Let g be h(0). Suppose 3*x - 283 = -g*w, 0*w + 2 = 2*w. What are the prime factors of x?
3, 31
Suppose 22*r + 9720 = 37396. What are the prime factors of r?
2, 17, 37
Let d = 539 + -269. What are the prime factors of d?
2, 3, 5
Let m(d) = 9*d**2 + 3*d + 3. Suppose 0 = -2*s + 7*s + 10. Let r be m(s). Suppose r - 3 = 5*y. List the prime factors of y.
2, 3
Suppose 1776 = 34*a - 33*a. Suppose 17*k - k = a. What are the prime factors of k?
3, 37
Let a(d) be the first derivative of 4*d**3/3 - 4*d**2 - 19*d + 13. What are the prime factors of a(-4)?
7, 11
Let f = 27 + -27. Suppose f = -3*a + 251 + 133. What are the prime factors of a?
2
Let c = 3361 + -493. What are the prime factors of c?
2, 3, 239
Suppose w + 3*q = 3463, 4*w - 13892 = -0*w - 2*q. What are the prime factors of w?
5, 139
Suppose -s + 4 = -3. Suppose -3*c + s*c - 20 = 0. List the prime factors of (329/(-35))/((-1)/c).
47
Suppose -8 = w - 0*w - 5*c, 3*w - c = 4. List the prime factors of w.
2
Let l be (18/(-4))/((-6)/16). Let p be 2/((-21)/l - -2). Let d = 12 + p. What are the prime factors of d?
2, 5
Let m(h) = h**2 + 5*h - 3. Let i be m(-5). List the prime factors of 2/(-3) + (-326)/i.
2, 3
Suppose -h + 224 + 190 = 0. List the prime factors of h.
2, 3, 23
Suppose -5*i + 43 = -12. Let g = 38 - i. What are the prime factors of g?
3
Let u = 0 - -2. What are the prime factors of (193 - (u + 0)) + -1?
2, 5, 19
Let x(f) = -60*f**3 - f**2. Let z be x(-1). Suppose -2*b + 69 = q, b + z = 3*b - q. List the prime factors of b.
2
Let g be 454/6 - (-1)/3. Suppose -37 - g = -h. What are the prime factors of h?
113
Suppose 3*a = 13 - 7. Suppose -a*w + y - 35 + 298 = 0, -2*w - 3*y = -243. What are the prime factors of w?
3, 43
Let w be 2 + -1 + -2 + -7. Let b(v) = v**2 + 4*v + 4. List the prime factors of b(w).
2, 3
What are the prime factors of 1359 - 3/(18/12)?
23, 59
Let g(q) = 14*q**2 + 5*q + 4. What are the prime factors of g(-5)?
7, 47
Let h(n) = -n**3 - 5*n**2 - 3*n + 7. Let j be h(-3). What are the prime factors of 2/j*((-173)/1 - 5)?
2, 89
Let r = 3216 - 1383. List the prime factors of r.
3, 13, 47
Let n = -275 - -441. What are the prime factors of n?
2, 83
Suppose -3*c = 2*w + 5 - 30, -c + 4*w = 15. Suppose -5*x + 17 = -2*b, -2*x - 4*b = x - c. Suppose -15 = x*h - 8*h. What are the prime factors of h?
3
Let b(j) = j**2 + 8*j - 2. Let d be b(-6). Let v(t) = -3*t**2 - 17 - t + t - 16*t + 2*t**2. List the prime factors of v(d).
11
Let o = 28 - -5. Let v = o + -15. List the prime factors of v.
2, 3
Let u = -7 + 66. Suppose -2*s = -u - 7. List the prime factors of s.
3, 11
Let t = 11 + -10. Let f be t + -3 + -1 + 1. Let v(y) = 7*y**2 + 2*y. List the prime factors of v(f).
2, 3
Let g = 77 - 41. Let t = -23 + g. Let a = t + 47. What are the prime factors of a?
2, 3, 5
Let m(d) = -4*d - 3. Let v(u) = 6*u + 5. Let k(g) = -8*m(g) - 5*v(g). Let w(i) = i - 1. Let t(c) = -k(c) - w(c). What are the prime factors of t(-3)?
11
Suppose 9*k - 40 = k. What are the prime factors of 4/(-40)*-116*k?
2, 29
What are the prime factors of ((5802/(-4))/3)/((-19)/38)?
967
Suppose 19*a = 62365 - 13402. List the prime factors of a.
3, 859
Let x = 15 + -9. Let k(p) be the second derivative of p**4/6 - 2*p**3/3 - 2*p**2 - 2*p. What are the prime factors of k(x)?
2, 11
Suppose -4*t = -10 + 2. Suppose -2*j = -4*p, -p + 0*p + t*j = 0. Suppose p = -2*x + 17 + 13. List the prime factors of x.
3, 5
Suppose -5*z - j = -25, -z - 3*j + 7 = -12. Suppose -z*k + 2 = 4*b + 22, -4*b - 5*k - 18 = 0. Let f = b - -60. What are the prime factors of f?
53
Suppose -i - 7 = -2*r - 9, -4*r + 3*i - 6 = 0. Let j(d) = -2*d**2 - 4*d - 2. Let n be j(-2). Let x = r - n. What are the prime factors of x?
2
Suppose 12*s = -5*p + 9*s + 2424, -5*s - 468 = -p. What are the prime factors of p?
3, 7, 23
Suppose -50 + 150 = -5*b. Let j = 64 + b. Let w = j - 28. List the prime factors of w.
2
What are the prime factors of (-4 - (-95)/25)/((-1)/8105)?
1621
Suppose 300 = 2*o - 354. What are the prime factors of o?
3, 109
Let y be -13*(3 + -2)*-1. Let a = 13 - y. Let b = 17 + a. List the prime factors of b.
17
Suppose -5 = 5*d - 6*d. Let w be (-3)/((5/(-98))/d). Suppose -5*l = -16 - w. What are the prime factors of l?
2, 31
Suppose 5*u = 967 + 333. Suppose 0 = 4*a - 2*n - u, -n + 5*n + 256 = 4*a. List the prime factors of a.
2, 3, 11
Let n(z) = -25*z - 202. Let o be n(-9). Suppose 0 = -0*i + 4*i + 3*g - 48, -24 = -4*i + 3*g. Let v = i + o. List the prime factors of v.
2
Let q = -54 - -61. Let f(n) = 2*n**2 - 8*n - 5. What are the prime factors of f(q)?
37
Let i = 160 - 169. Let j(y) = -3*y + 21. List the prime factors of j(i).
2, 3
Let x = -2067 + 4014. List the prime factors of x.
3, 11, 59
Suppose 0*i = i + 19. Let y be i - ((-8)/(-4) + -2). Let l = -1 - y. List the prime factors of l.
2, 3
Let n = 27 + -31. Let p(a) = 3*a**3 + 10*a**2 + 5*a + 4. Let x be p(n). List the prime factors of ((-9)/(-1))/((-6)/x).
2, 3
Suppose 0*o + o = 3. Suppose -21 = -3*g - o*u, -u = -2*g + 4*u + 7. Suppose -z + g*z - 95 = 0. What are the prime factors of z?
19
List the prime factors of (12/42 + (-104)/(-28))*91.
2, 7, 13
Suppose l - 7 = 2. Let r = -4 + l. Suppose 3*a = r*a - 38. What are the prime factors of a?
19
Let h(t) = t**2 + 10*t + 18. List the prime factors of h(-56).
2, 1297
List the prime factors of 7/(21/66672*8).
2, 3, 463
Let v be (-1 - -8)*(9 - 8). Let u(z) = z**3 - 7*z**2 + 6*z + 3. List the prime factors of u(v).
3, 5
Let c(u) = u**2 - 55*u - 93. What are the prime factors of c(69)?
3, 97
Let g = -2 - -7. Suppose -g*c - 72 = 68. Let h = 44 - c. List the prime factors of h.
2, 3
Let o = 45 - 35. Let b(g) = g**3 - 7*g**2 - 9*g - 1. What are the prime factors of b(o)?
11, 19
Let n = 633 + 253. List the prime factors of n.
2, 443
Let o(r) = 0*r - 10 + 3 + 8*r - r**2. Let g be o(6). Suppose -12 + g = -t. What are the prime factors of t?
7
Let f(w) = 17*w + 5. Let x be f(13). Suppose -d + 48 = -x. What are the prime factors of d?
2, 137
Let z(o) = -9 - 8 - 3 - 5 - 28*o. What are the prime factors of z(-5)?
5, 23
Suppose 25*g + 92 = 21*g. Let x = g + 33. List the prime factors of x.
2, 5
Let j = 47 - 46. List the prime factors of 1 + (j - -45) + 2.
7
Let c(m) be the third derivative of -m**5/60 - 3*m**4/8 - m**3/3 - m**2. Let b be c(-6). Suppose -f = 3*f - b. What are the prime factors of f?
2
Let c(n) = -n**3 + 8*n**2 - 2*n + 9. Let s = 5 - -1. Let o be c(s). Suppose -7*f - 49 = -2*x - 2*f, 0 = 3*x - 3*f - o. List the prime factors of x.
2, 11
Let w(o) = o**2 - 7*o + 2. Let f be w(7). Suppose 3*v + f*v + 4*k - 83 = 0, -3*k - 54 = -4*v. Suppose -9*y + 6*y = -v. List the prime factors of y.
5
Let m = 12 + 13. Suppose m*a - 28*a + 249 = 0. List the prime factors of a.
83
Let v = -12 - -5. Let y = 14 + v. Suppose -y = w - 2*w. What are the prime factors of w?
7
Suppose 0 = -d + 76 + 163. List the prime factors of d.
239
Suppose 16 = -4*g, 0 = 5*o + g - 4 - 12. Suppose -2*m = 4*z - o, 3*m = 2*z + 2*m - 2. What are the prime factors of (-11 - -13)*(0 + z)?
2
Let a(j) = -j + 251. Let c be a(0). Suppose 0 = -2*l + 105 + c. What are the prime factors of l?
2, 89
Suppose 14*h - 6 = 15*h. Let j be (-2)/(-10) - (-896)/20. List the prime factors of h/(-27) - (-2735)/j.
61
Let r = -2496 - -5625. What are the prime factors of